{"id":90,"date":"2025-11-12T21:13:20","date_gmt":"2025-11-12T20:13:20","guid":{"rendered":"https:\/\/meridian-cross.com\/hautnah\/buchung\/"},"modified":"2025-11-15T16:39:52","modified_gmt":"2025-11-15T15:39:52","slug":"buchung-storno","status":"publish","type":"page","link":"https:\/\/meridian-cross.com\/hautnah\/buchung-storno\/","title":{"rendered":"Buchung und Storno"},"content":{"rendered":"<div data-colibri-id=\"90-c1\" class=\"style-375 style-local-90-c1 position-relative\">\n  <!---->\n  <div data-colibri-component=\"section\" data-colibri-id=\"90-c2\" id=\"custom\" class=\"h-section h-section-global-spacing d-flex align-items-lg-center align-items-md-center align-items-center style-376 style-local-90-c2 position-relative\">\n    <!---->\n    <!---->\n    <div class=\"h-section-grid-container h-section-boxed-container\">\n      <!---->\n      <div data-colibri-id=\"90-c3\" class=\"h-row-container gutters-row-lg-2 gutters-row-md-2 gutters-row-0 gutters-row-v-lg-2 gutters-row-v-md-2 gutters-row-v-2 style-377 style-local-90-c3 position-relative\">\n        <!---->\n        <div class=\"h-row justify-content-lg-center justify-content-md-center justify-content-center align-items-lg-stretch align-items-md-stretch align-items-stretch gutters-col-lg-2 gutters-col-md-2 gutters-col-0 gutters-col-v-lg-2 gutters-col-v-md-2 gutters-col-v-2\">\n          <!---->\n          <div class=\"h-column h-column-container d-flex h-col-lg-auto h-col-md-auto h-col-auto style-378-outer style-local-90-c4-outer\">\n            <div data-colibri-id=\"90-c4\" class=\"d-flex h-flex-basis h-column__inner h-px-lg-2 h-px-md-2 h-px-2 v-inner-lg-2 v-inner-md-2 v-inner-2 style-378 style-local-90-c4 position-relative\">\n              <!---->\n              <!---->\n              <div class=\"w-100 h-y-container h-column__content h-column__v-align flex-basis-100 align-self-lg-start align-self-md-start align-self-start\">\n                <!---->\n                <div data-colibri-id=\"90-c5\" class=\"h-text h-text-component style-424 style-local-90-c5 position-relative h-element\">\n                  <!---->\n                  <!---->\n                  <div class=\"\">\n                    <p><strong style=\"color: rgb(255, 255, 255);\">Sie k\u00f6nnen einen Termin nicht wahrnehmen?<br><\/strong><span style=\"color: rgb(255, 255, 255);\">Bis zu 24 Stunden&nbsp;vor dem vereinbarten Zeitpunkt stornieren oder verschieben wir immer&nbsp;geb\u00fchrenfrei.<\/span><\/p>\n                    <p><span style=\"color: rgb(255, 255, 255);\">Bitte verstehen Sie, dass bei&nbsp;<\/span><strong style=\"color: rgb(255, 255, 255);\">kurzfristigeren Absagen (&lt;24h)<\/strong><span style=\"color: rgb(255, 255, 255);\">&nbsp;unter Umst\u00e4nden eine&nbsp;<\/span>\n                      <strong\n                        style=\"color: rgb(255, 255, 255);\">\n                        <br>Storno-Pauschale i.H.v. bis zu 50% der gebuchten Leistung <\/strong><strong style=\"color: rgb(255, 255, 255); font-weight: 400;\">(in Summe \u20ac)<\/strong><strong style=\"color: rgb(255, 255, 255);\"> anf\u00e4llt<\/strong><span style=\"color: rgb(255, 255, 255);\">&nbsp;anf\u00e4llt.<\/span><\/p>\n                    <p>\n                      <br><strong style=\"color: rgb(255, 255, 255);\">Stornierung von Terminen:<\/strong><span style=\"color: rgb(255, 255, 255);\"><br><\/span><\/p>\n                    <p><em style=\"font-weight: 600; color: rgb(255, 255, 255);\">&gt;24h<\/em><span style=\"color: rgb(255, 255, 255);\"> -&gt; per Sumup-Stornolink (Ihre Buchungsbest\u00e4tigung haben Sie via E-Mail erhalten)<\/span><span style=\"font-weight: 600; color: rgb(255, 255, 255);\"><br>&lt;24h<\/span>\n                      <span\n                        style=\"color: rgb(255, 255, 255);\"> -&gt; telefonisch oder per E-Mail &#8211; Achtung &#8211; es kann die Storno-Pauschale erhoben werden, wenn es keinen &#8222;L\u00fcckenf\u00fcller&#8220; gibt!<\/span>\n                    <\/p>\n                  <\/div>\n                <\/div>\n              <\/div>\n            <\/div>\n          <\/div>\n        <\/div>\n      <\/div>\n    <\/div>\n  <\/div>\n<\/div>","protected":false},"excerpt":{"rendered":"<p>Sie k\u00f6nnen einen Termin nicht wahrnehmen?Bis zu 24 Stunden&nbsp;vor dem vereinbarten Zeitpunkt stornieren oder verschieben wir immer&nbsp;geb\u00fchrenfrei. Bitte verstehen Sie, dass bei&nbsp;kurzfristigeren Absagen (&lt;24h)&nbsp;unter Umst\u00e4nden eine&nbsp; Storno-Pauschale i.H.v. bis zu 50% der gebuchten Leistung (in Summe \u20ac) anf\u00e4llt&nbsp;anf\u00e4llt. Stornierung von Terminen: &gt;24h -&gt; per Sumup-Stornolink (Ihre Buchungsbest\u00e4tigung haben Sie via E-Mail erhalten)&lt;24h -&gt; telefonisch oder [&hellip;]<\/p>\n","protected":false},"author":1,"featured_media":0,"parent":0,"menu_order":0,"comment_status":"closed","ping_status":"closed","template":"page-templates\/full-width-page.php","meta":{"footnotes":""},"class_list":["post-90","page","type-page","status-publish","hentry"],"_links":{"self":[{"href":"https:\/\/meridian-cross.com\/hautnah\/wp-json\/wp\/v2\/pages\/90","targetHints":{"allow":["GET"]}}],"collection":[{"href":"https:\/\/meridian-cross.com\/hautnah\/wp-json\/wp\/v2\/pages"}],"about":[{"href":"https:\/\/meridian-cross.com\/hautnah\/wp-json\/wp\/v2\/types\/page"}],"author":[{"embeddable":true,"href":"https:\/\/meridian-cross.com\/hautnah\/wp-json\/wp\/v2\/users\/1"}],"replies":[{"embeddable":true,"href":"https:\/\/meridian-cross.com\/hautnah\/wp-json\/wp\/v2\/comments?post=90"}],"version-history":[{"count":11,"href":"https:\/\/meridian-cross.com\/hautnah\/wp-json\/wp\/v2\/pages\/90\/revisions"}],"predecessor-version":[{"id":1215,"href":"https:\/\/meridian-cross.com\/hautnah\/wp-json\/wp\/v2\/pages\/90\/revisions\/1215"}],"wp:attachment":[{"href":"https:\/\/meridian-cross.com\/hautnah\/wp-json\/wp\/v2\/media?parent=90"}],"curies":[{"name":"wp","href":"https:\/\/api.w.org\/{rel}","templated":true}]}}